 = -j + 4 - 0, 5*j = -4*z - 2248. Let r be ((-19)/(-3))/((-1)/174). Let o = z - r. Is o prime?
False
Suppose -96694 = 9*g + 3998. Let j = -4571 - g. Is j prime?
False
Let k(u) = 1664*u - 132. Let i be k(6). Let w = -1955 + i. Is w composite?
True
Let r(n) = -n**2 + 13*n + 302903. Is r(0) a composite number?
False
Let u = 56 + -52. Suppose -u*i + 1933 + 1495 = 0. Suppose 5*b + 0*b + 4*h = 4243, 0 = -b + 2*h + i. Is b a composite number?
True
Let i be ((-12)/(-10))/(12/20*1). Suppose 9417 = 3*l + i*s, 3*l + 3*s - 9971 = -551. Is l prime?
True
Let j = -152120 + 214001. Is j a composite number?
True
Suppose 0 = 5*t - 156492 + 3912. Suppose 6582 = -6*a + t. Is a composite?
False
Let l = -21 + 26. Suppose 7157 = l*x - 6078. Let w = -1082 + x. Is w composite?
True
Suppose 283*p - 12442631 - 238316 = 0. Is p a prime number?
True
Is (8/(-20))/(4/(-1110290)) a composite number?
False
Suppose 0 = r + 3, 8*w = 12*w - 4*r - 84. Suppose w*k - 17226 = 52020. Is k a prime number?
True
Suppose 5*l - 18 = -3*g + 2, 5*g = -l + 26. Suppose -5*p = 5*b - 8530, 4*b - 2315 - 6218 = -g*p. Is p composite?
False
Suppose -5*c + 5*s + 110 = 0, 5*c + 5*s = c + 79. Let r be (9 - 4)*c*28/30. Let a = r + -52. Is a prime?
False
Suppose 45*v - 5*f - 815864 = 44*v, 2*v = 3*f + 1631735. Is v a composite number?
False
Suppose -2*i + 8 = 0, -2*i + 11296 = 2*m - 106898. Is m prime?
True
Let q(n) = 77*n**3 - 8*n - 12. Let m be q(-2). Let t be ((-4)/6)/(5/15). Is 4 + (m - 2)/t prime?
True
Is (-1243995)/(-15) - (3/(-1) + (4 - 7)) a prime number?
True
Suppose -8 = 27*h - 413. Let u(z) = 15*z**2 - 76. Is u(h) composite?
False
Let l be (-12)/20 + (-144)/(-15). Suppose -4*t + l*t - 1540 = 0. Let m = t + -181. Is m prime?
True
Suppose 23*h - 3*n - 1366684 = 18*h, 2*n = -2*h + 546664. Is h composite?
True
Suppose -5*w + w + 9762 = 2*j, 2*w - 4877 = -5*j. Suppose -u - 688 = -w. Is u composite?
False
Let y = 77702 + -9385. Is y prime?
False
Suppose q + 4*c = -88, c = -4*q - 150 - 172. Let k = q - -85. Suppose k*a - 11704 = 12891. Is a prime?
True
Let c(p) = p**3 + 21*p**2 - 28*p - 130. Let j be c(-22). Suppose 1186 = j*b - 4*r, -3*b - 34*r + 38*r = -1769. Is b a composite number?
True
Suppose 2*j = -4*w + 87662, 25*w - 131517 = -3*j + 22*w. Is j prime?
False
Let a(c) = 6783*c - 46. Let h be a(-2). Is (30/165 - 38/88)*h composite?
True
Suppose 0 = 5*h + 5, 23*h - 20*h = -2*o + 123019. Is o a prime number?
True
Let c = -5 - -10. Suppose -6*o = -4*o, -c*o = b + 84. Let k = 167 + b. Is k a prime number?
True
Let x = -74 + 78. Suppose -7*b = -4*b - x*v, 24 = -3*b - 4*v. Is 3 - (4580/b - (3 + 0)) prime?
True
Suppose 44*o - 23*o = 105. Suppose -o*b + 28142 = 252. Is b a composite number?
True
Suppose 5*c - 185275 = -2*o, 0 = -4*c + 4*o + 95666 + 52582. Is c a prime number?
True
Let k(i) = i**3 + 17*i**2 - 2*i - 32. Let x be k(-17). Suppose -17*t = -4*q - 12*t + 9119, t = x*q - 4561. Is q a composite number?
False
Suppose 4*x = -p - 58979, p = 2*x + x + 44229. Let f = 24274 + x. Suppose 11*c - c - f = 0. Is c prime?
True
Suppose 0 = 5*u + 4*t - 1005073, 160*u - 5*t - 1005010 = 155*u. Is u a prime number?
False
Let n(m) = 13*m - 2. Let u be n(9). Let y = 124 - u. Suppose y*z - 25*z + 38864 = 0. Is z prime?
False
Suppose -4*p + 216 = 12*x - 9*x, p = -2*x + 149. Let d = x + 51. Is d a prime number?
True
Suppose 2671 = 8*m - 47273. Suppose n = 2*n - m. Is n a composite number?
True
Suppose 3 = -2*j - 4*y - 11, 3*y + 12 = -j. Let p(n) = 9*n**3 - n**2 + 8*n + 3. Let w be p(6). Suppose -2*d - 2*d = 4*m - 2612, 3*d = j*m - w. Is m prime?
True
Let y(l) = 198*l**2 - 7*l - 4. Let n = -81 - -80. Is y(n) prime?
False
Let r(s) = 669*s**3 + 5*s**2 - 9*s. Let z be r(2). Suppose 126401 = 13*d - z. Is d a prime number?
False
Is 36003/2 + (20/(-100) - (-3)/(-10)) composite?
True
Let i(n) = 2*n - 14. Let x be i(10). Is 10666*x/60 - (-4)/10 a prime number?
False
Let l(s) = -11*s**3 - 3*s**2 - 100*s + 1. Is l(-7) composite?
False
Let w(j) = j**3 + 17*j**2 - 3*j - 16. Let n be w(-17). Suppose -43*m + 39*m = -88940. Is m/n + (1 - (-9)/(-7)) a composite number?
True
Let l(v) = 10621*v**2 + 2*v + 6. Let i be l(-2). Suppose -2*o - o + i = 3*w, 2*w - 28333 = o. Is w a composite number?
True
Let p(t) = -3*t + 19. Let n be p(5). Suppose -2*w = n*v - 4*w - 58050, -2*w = -2. Is v composite?
True
Suppose 90*p = 101*p + 50028. Let c = p + 10399. Is c prime?
True
Suppose 2*u - 1402515 - 370958 = -5*r, 0 = 4*r - 3*u - 1418806. Is r prime?
False
Suppose 78696 + 72711 = 4*p + 3*t, -3*p = -5*t - 113519. Suppose -9*s = 7167 - p. Is s prime?
False
Let c = 95 + -88. Suppose -c*l = 219 - 702. Is l composite?
True
Let f = -50 + 52. Suppose 4*n - 315 = -w + 8*n, -f*n = -w + 311. Is w prime?
True
Suppose 7356 = 2*z + 2162. Suppose 157*s - 186*s = -87. Suppose s*t - 2*q = z, 1706 = 2*t + 3*q + 2*q. Is t a composite number?
False
Suppose 74*o - 69*o = 2*z + 16127067, 4*z = -4. Is o a composite number?
False
Let q(f) = -f**3 - 11*f**2 + 9*f - 17. Let o be q(-13). Let m be 1 + 657 - (-1)/(-1). Suppose -o = -7*k + m. Is k a composite number?
True
Let l(w) = -3*w**3 + 24*w**2 + 47*w - 12. Let c be l(-24). Suppose -16*g + c = -4*g. Is g composite?
False
Let a be (-28)/((-7 + 1)/42). Let j = a - -435. Is j composite?
False
Let r(u) = 3*u**2. Let p be r(1). Suppose 0 = p*h + 5*f - 519, -3*f + 12 = 3. Let v = -41 + h. Is v composite?
False
Suppose -17*b + 15*b = 72. Let g be (-5790)/(-4)*b/15. Let s = -2293 - g. Is s prime?
True
Let o(j) = j**3 + 3*j**2 + 12*j + 117919. Is o(0) prime?
False
Is ((-181556)/(-5))/((12/40)/((-12)/(-16))) prime?
False
Let a = -57 - -62. Suppose -p - 4*g - 10 = 7, -g - a = 0. Suppose p*f = -f + 2444. Is f composite?
True
Is 811/2*(-15602)/(-269) a prime number?
False
Suppose -11*t + 13*t - 1403303 = 5*z, 3*t - 2104986 = -3*z. Is t composite?
True
Let q be (-24)/156 + 54/13. Suppose -k + q*k - 2*b - 19264 = 0, -5*b - 25676 = -4*k. Let o = k - 3681. Is o prime?
False
Suppose 3*v + l = 51226, -4*v = 5*l - 32940 - 35343. Is v composite?
False
Let t(l) = 2*l**2 + 4*l + 2. Let i be t(-2). Suppose 2*c + 10 = -5*p, 0 = -c + 2*c + 5. Suppose -3*m - 2*z + 656 = 0, i*m + p*z + 2*z = 438. Is m composite?
True
Suppose -740073 - 3515508 = -165*r + 36*r. Is r composite?
True
Suppose -4*t + 1119502 = 2*z, 3*z + 5*t - 1628431 = 50819. Is z prime?
False
Let a(p) = -284*p + 147. Let v(h) = -189*h + 98. Let j(g) = -5*a(g) + 8*v(g). Is j(-11) a composite number?
False
Let u = 17133 - 10322. Let w = u + 3807. Is w composite?
True
Let i = 93347 - 38056. Is i prime?
True
Let q(w) = -9*w**3 - 3*w**2 - w + 9. Suppose 0 = 5*g - 20, -6 = 3*d - 5*g + 26. Let k be 1 - 206/30 - d/(-30). Is q(k) composite?
True
Suppose -3*h + 78637 = -d + 3*d, -3*d + 117953 = 2*h. Suppose 14*y = -6879 + d. Is y a prime number?
False
Let q = -5253 + 12032. Is q a composite number?
False
Is (154332 - 6/(-42)*-7)*1 a prime number?
False
Suppose 0 = -19*z - 94 - 58. Is (-2)/((-9)/((-351252)/z)) a composite number?
True
Suppose -3*i + 34 = g + 12, 14 = g + i. Suppose -4*v + g = -274. Is v a composite number?
False
Is (-476 - -475)/((-1)/882907) prime?
True
Let g = -182 - -183. Is -4*((-4773)/12)/g prime?
False
Suppose -10*k + 21*k - 666926 = 2447823. Is k composite?
False
Suppose 0 = -11*v + 7809 + 11276. Let a = v - 584. Is a prime?
True
Let k(x) = 102*x**2 - 54*x + 353. Is k(12) composite?
True
Suppose -a - 5 = 0, -7*j - 5*a = -2*j - 385. Let l = 88 - j. Suppose -l*n = -9*n + 3687. Is n a composite number?
False
Let b be 2/(-8)*(-70 - 14). Let g(m) = m**3 + 14*m**2 - 24*m + 86. Is g(b) prime?
True
Let b be -5 + 5/((-15)/(-12)). Let v(r) = -15194*r**3 + r**2 - 2. Is v(b) a composite number?
False
Suppose 931463 = 35*m - 287727. Is m a prime number?
False
Let c = 5012 - -16606. Suppose -5*m = m - c. Is m prime?
False
Let h = -1116 - -4698. Let r = h + -1909. Is r a composite number?
True
Suppose 0 = -2*j - 5*a + 371801, 4*j + 1441*a = 1437*a + 743584. Is j a prime number?
True
Let l(j) = 16*j**3 + 6*j**2 + 4*j - 26. Let v be l(4). Let h = v - -287. Is h a prime number?
False
Suppose 7*g - 439276 + 39121 = 0. Let b = -23858 + g. Is b composite?
True
Let v(u) = 23*u + 122. Let d be v(-6). Is d/200*5 - (-32514)/10 composite?
False
Let i(o) = 14170*o**3 - 8*o**2 + 71*o - 231. Is i